((-340)/(-8) + -6). Suppose o*q + 12 = 77*q. Let d(s) = 5*s + 3. Determine d(q).
18
Let k(s) = 18*s + 37 + 2261*s**2 + 2264*s**2 - 12*s - 4526*s**2. Calculate k(-4).
-3
Let b(u) = u**3 - 4*u**2 + 4*u - 2. Let n(y) = y**3 - 9*y**2 + 9*y - 5. Let d(s) = 7*b(s) - 3*n(s). Let p be (1 + (-9)/((-360)/(-56)))*5 - -1. What is d(p)?
-5
Let g(l) = l**3 - 12*l**2 - 12*l - 25. Let m(t) = 165*t - 1142. Let s be m(7). Give g(s).
-12
Let t(c) be the second derivative of -c**3/6 + 7*c**2/2 - 722*c. Give t(6).
1
Let a be 40 - (-2 + (-4)/(-2) + -2). Let n = a - 40. Let t(k) = -5 - 7*k + 4 + k**2 + 2 - n. What is t(6)?
-7
Suppose 5*l + 4*u - 144 = -1, -2*l = -5*u - 44. Let t(r) = -r**3 + 29*r**2 - 59*r + 132. Calculate t(l).
-3
Suppose -10625*t + 9940*t = -2740. Let h(y) = -y**2 - 1. Let q(o) = 4*o**2 + 2*o + 5. Let a(w) = 5*h(w) + q(w). What is a(t)?
-8
Let f(s) = 479*s + s**2 - 496*s + 8 + 16 + 17. Calculate f(14).
-1
Let d(r) = -r**2 + 7*r - 10. Let k be d(6). Let j(a) be the first derivative of -a**3/3 - 2*a**2 + 5*a + 343. Give j(k).
5
Let y = 121450 - 121448. Let d(s) be the second derivative of -19*s**3/6 + 5*s**2/2 + s. What is d(y)?
-33
Let n(u) = 3*u**2 - 514*u - 2526. Let p be n(176). Let x(r) = -2*r**2 - 120*r + 242. Give x(p).
-6
Let q = -48 + 83. Let m(z) = -2 + q*z - 4 - 19*z - 17*z. What is m(11)?
-17
Let n(m) = -4*m - 10. Suppose -14*j = -44*j - 11430. Let b = 376 + j. Give n(b).
10
Let n(b) be the third derivative of 11*b**4/24 + 29*b**3/2 + b**2 - 1540. Give n(-9).
-12
Let l(c) = -112 - 115 + 330 - 3*c**2 - 2*c**2 - 11*c - 105. Give l(-2).
0
Let l(z) = z**2 - 37*z + 38. Suppose -69*f + 2801 - 317 = 0. Determine l(f).
2
Let a(r) = -r**3 - r**2 - r + 1. Let b(l) = 5*l**2 + 2*l - 3. Let p(d) = 3*a(d) + b(d). Let s = -785 - -787. What is p(s)?
-18
Let j(k) be the first derivative of 3*k + 70 - 11*k**2 - k**2 + 10*k**2. Suppose 3*b - 4 = 2*u - 6*u, 3*b - 4*u - 20 = 0. What is j(b)?
-13
Let a(z) = 4*z**3 - 3*z**2 - 3*z - 6. Let w(y) = 7*y**3 - 7*y**2 - 7*y - 13. Suppose -m + 4*m = 3*q, 5*q + m - 18 = 0. Let u(c) = q*w(c) - 5*a(c). What is u(7)?
-2
Suppose 54 + 48 = 15*z - 3. Let u(y) be the second derivative of -y**4/12 + 7*y**3/6 + 2*y**2 - 11*y. What is u(z)?
4
Let z(b) = b. Let n(m) be the second derivative of -m**5/20 - 7*m**4/12 - m**3/6 - m**2 - 24*m. Let l be n(-3). Let r be (-1 + -1)/((-10)/l). Determine z(r).
-7
Let r(a) = 5 + 3*a**2 - 6*a - 14 + 3*a. Let d(z) = z**2 - 1. Let f(k) = -2*d(k) + r(k). Let g be (14 - 11)/(78/130). Determine f(g).
3
Let o(c) = -9*c**3 - 87*c**2 + 18*c - 106. Let q be o(-10). Let g(u) be the third derivative of u**4/24 - 3*u**3/2 + 2*u**2. What is g(q)?
5
Let j(d) be the first derivative of -1/3*d**3 + 85 + 0*d + 3/2*d**2. Calculate j(3).
0
Let y(b) = b**2 + b + 3. Suppose -5*c + 26 = 4*u, -5*u + 2*c + 30 = 14. Let k be 4 + (5 - (16 - u)). Calculate y(k).
9
Let o(q) be the third derivative of -1/60*q**5 + 0*q - 5/3*q**3 - 143*q**2 + 3/8*q**4 + 0. Give o(5).
10
Let m(l) = -7*l. Let z(w) = 2*w**3 + 24*w**2 + w + 13. Let b(a) = a**2 + 11*a - 12. Let k be b(-11). Let y be z(k). Give m(y).
-7
Let z(i) = i**3 + 7*i + 2. Let j(l) = 6*l**3 - 33*l**2 - 15*l - 42. Let o(t) = j(t) - 7*z(t). Determine o(-31).
6
Let k be (-4)/44*0 - (-272)/2. Let l(g) = g + k*g**3 + 130*g**3 - 264*g**3. Calculate l(1).
3
Let p be ((-42)/(-18))/(287/41). Let h(x) be the first derivative of 28 + 0*x**2 + 18*x - p*x**3. What is h(0)?
18
Let u = -14 + 14. Suppose u*b = 9*b - 72. Let f(n) = -n**2 + 7*n + 4. Calculate f(b).
-4
Let v(c) = c**2 - 9*c + 12. Let b = 41 + -36. Let z be b - 4 - 4*(-2 - 0). Calculate v(z).
12
Let i(f) = -341 + 324 + 20*f - 24*f**2 + 16*f**2 + 13*f**2. Determine i(-5).
8
Let g = 1058 + -1068. Let p(i) = 3*i + 17. What is p(g)?
-13
Let k(x) = -67*x + 139. Suppose -106 = -10*t - 16*t - 27*t. Determine k(t).
5
Let v be ((-26)/3)/(2/(-3)). Let x be 6138/1485 - (-2)/(-15). Suppose 14*o - v*o = x. Let f(l) = l**2 - 6*l - 3. Calculate f(o).
-11
Let l(z) = z**3 - 12*z**2 - 13*z + 2. Let b be l(13). Let j(i) = -b*i - i**2 + 0 + 4 - 1 + 0. Let y be j(0). Let k(n) = -n**3 + 2*n**2 + 3. Determine k(y).
-6
Let n(s) = -15*s**3 - 19*s**2 - s - 4. Let i(f) = 67*f**3 + 83*f**2 + 5*f + 17. Let t(m) = -2*i(m) - 9*n(m). Let j = 4 - 7. Determine t(j).
23
Let s(c) = c**2 + 3. Let b(h) = -h**3 - 4*h**2 + 252*h - 2. Let j be b(-18). What is s(j)?
7
Let m(k) = k + 8. Suppose 4*v + a = 7 + 9, 3*a - 4 = -v. Let x(g) = g + 8. Let y(n) = v*m(n) - 3*x(n). Determine y(-6).
2
Let y(j) = -j**2 + 3*j + 4. Let s = 46 + -89. Let z = 41 + s. Let q be y(z). Let r(b) = -b**3 - 5*b**2 + 7*b - 3. Calculate r(q).
-9
Let d(g) = -g**2 - g + 6. Suppose 12*q - 13*q - 6 = 0. Determine d(q).
-24
Let v = -4 - -3. Let q be ((0 + 1)*-5)/v. Let l(a) = -3*a**2 + 7. Let z(s) = -4*s**2 - s + 8. Let j(x) = -3*l(x) + 2*z(x). What is j(q)?
10
Suppose -25*o = -0 - 0. Suppose o = -2*h + l - 25, -l = 5*h + 15 + 44. Let s(w) = w + 19. Determine s(h).
7
Let v(o) = 0*o**3 + 3*o + 56*o**2 - 14 - o**3 - 10*o - 57*o**2 - 3. Calculate v(-2).
1
Let j(a) = -7*a**2 + 3*a + 1. Let x(s) = 13*s**2 - 6*s - 3. Let p = 351 - 345. Let n(t) = p*x(t) + 11*j(t). Give n(6).
11
Suppose -5 = 4*o - 19 - 26. Let m(u) = u**2 - 19*u. Let q(h) = -h**2 + 18*h - 1. Let c(f) = -5*m(f) - 6*q(f). Calculate c(o).
-24
Let q(p) = -8*p + 1. Let u be ((-11)/(22/3))/(1/18). Let t be ((-4)/6)/(75/u + 3). Determine q(t).
25
Suppose -o + 57 = 2*o. Let m be 4 + -6 - 14*-1. Let j(y) = 4*y - 11 + 3*y + o - m. Determine j(4).
24
Let h(j) = -28*j - 1. Let w(v) = -134*v - 6. Let m(x) = 19*h(x) - 4*w(x). Suppose -3*s + 3*k = -2*k - 1, -4*s = -5*k + 2. Give m(s).
-7
Let j(q) be the first derivative of -q**3/3 - 5*q**2/2 + 12*q + 70. Calculate j(3).
-12
Let d(z) = -45*z**2 + 664*z - 9 + 0*z**3 + 2*z**3 - 688*z + 11 + 13. Give d(23).
-8
Let l(z) = z**2 + 7*z + 5. Suppose -9*t - 1088 - 145 = 0. Let r = 221 + t. Let b be 2 - r/35 - (-56)/(-10). Determine l(b).
-1
Let t(k) be the second derivative of k**6/90 + k**5/40 + k**4/24 + 23*k**3/2 + 2*k + 30. Let x(o) be the second derivative of t(o). Give x(-3).
28
Let j(t) = t**2 + 6*t - 2. Suppose 0 = -2834*a + 2807*a - 324. Calculate j(a).
70
Let i = 34 + -30. Suppose 2 = 20*n - 19*n. Let u(w) = -15 - n + i + 7 - 2*w. What is u(7)?
-20
Let b(r) = -3 + 4*r + 26*r + 2 - 25*r + 0. Determine b(-1).
-6
Let j(l) = -l**3 + 10*l**2 + 17*l - 74. Suppose -2954 + 2272 = -62*r. Determine j(r).
-8
Let a(p) = 17. Let u(l) = 2*l + 130. Let d(o) = 12*a(o) - u(o). What is d(31)?
12
Suppose -14*f - u = -17*f - 30, -4*u - 12 = 0. Let y(m) = m - 46. Let l(v) = -2*v + 128. Let h(g) = -4*l(g) - 11*y(g). Determine h(f).
27
Let z(k) = 49*k + 5. Let u(o) = 9*o + 1. Let i(n) = -9*u(n) + 2*z(n). Suppose 0 = -4*d + t - 9, 5*d + 0*t + 15 = 2*t. Calculate i(d).
-16
Let u(y) = y**3 - 7*y**2 - 32*y + 132. Let r be u(3). Let h(i) = i**2 - 10. What is h(r)?
-10
Let u(s) = -s**3 - 3*s**2 + 2*s + 2. Let a(d) = 11*d + 46. Let n be a(-23). Let l = -209 - n. What is u(l)?
-6
Let f(c) = -35805*c**2 + 5*c + 35888*c**2 - 4*c - 1. Calculate f(-1).
81
Let y(d) = -d**2 - d - 3. Let z(k) = 3*k**2 + 27*k + 19. Let s(n) = 6*y(n) + z(n). Give s(7).
1
Let h(j) be the third derivative of j**5/60 + j**4/12 - 5*j**3/2 + 9329*j**2. Calculate h(-10).
65
Let w be (2 - (-22)/(-18)) + -3 + 145/45. Let s(o) = 92*o**3 - o**2 - o + 3. Calculate s(w).
93
Let f(x) be the first derivative of -5*x + 4 - 2*x**2 - 1/3*x**3. Let o(h) = h**3 + 12*h**2 + 4*h - 82. Let m be o(-11). Determine f(m).
-10
Suppose 5*t + 4*t - 19 = 26. Suppose 0 = 8*g - 3*g - 5*k - 20, 10 = 3*g - 5*k. Let w(q) = 3*q + 3 + q + 8 - g*q. What is w(t)?
6
Let l(m) = -8 + 3*m + 6*m**2 - 9*m + 22 - 2*m**2 - 5*m**2. What is l(-9)?
-13
Let y(z) = z**2 + 23*z + 67. Let t(x) = 752*x + 1486. Let m be t(-2). What is y(m)?
-23
Let d(x) be the third derivative of x**6/60 + 13*x**5/30 - 7*x**4/6 + 3*x**3/2 - 280*x**2. Determine d(-14).
9
Suppose 5*p = 3*l + 6 + 9, 2*l - 2*p = -6. Suppose l = -4*t - 157 + 133. Let w(h) = h + 2. Determine w(t).
-4
Let m(a) = a**2 + 9*a + 24. Let z = 0 + -46. Let w = -51 - z. Let n be m(w). Let v(k) = k**2 - 4*k - 5. Give v(n).
-5
Let i(t) = 9*t**3 + 6*t**2 - 26*t + 83. Let b(k) = 19*k**3 + 12*k**2 - 55*k + 174. Let u(w) = 10*b(w) - 21*i(w). Let m = -2 + 8. Give 